se a + u = 4*a. Let y(n) = -n**2 + 6*n - 3. Calculate y(a).
5
Let n(d) = d**3 + d**2 - d - 1. Suppose 2*p = 2 - 0. Let j(s) = 11*s - 17*s**2 - 3 + 17*s**2 - 6*s**3. Let q(g) = p*j(g) + 5*n(g). What is q(6)?
-8
Let h(f) be the third derivative of -6*f**2 - 3/2*f**3 + 0 + 0*f + 5/24*f**4 + 1/60*f**5. What is h(-7)?
5
Let h(z) = -z**2 + 7*z + 1. Suppose 2*m = -3*m + 25. What is h(m)?
11
Let q(t) = -3*t - 7. Let f be (-2)/(-4) - (-45)/(-10). Let s(i) = -5*i - 5. Let p be s(f). Let h be 1/((-3)/p*1). Calculate q(h).
8
Let x(q) = 0 - 2*q**3 - 3*q**3 - 7 - 5*q**2 + 6*q**3. Determine x(5).
-7
Let n(f) = -f**2 + 2*f. Let h be n(1). Let r be 4 + h + (-2 - 1). Let o be 2*(-1 + r + -3). Let u(l) = l**3 + 4*l**2 - 3. Calculate u(o).
-3
Let o(n) = -n + 3. Let m(d) = d - 2. Let s(p) = 3*m(p) + 2*o(p). Give s(-5).
-5
Suppose -5*c - 6 = 2*o - 19, 5*o - 4*c = -17. Let g(u) = -7*u + 1. Let b = 7 - 8. Let k(i) = i**2 + i. Let l(s) = b*k(s) + o*g(s). What is l(5)?
4
Let q(k) = k**2 - k - 1. Let h(n) = 10*n**2 - 31*n + 1. Let r(v) = -2*v**2 + 6*v. Let t(o) = -2*h(o) - 11*r(o). Let j(i) = 3*q(i) - t(i). Calculate j(2).
5
Suppose 3*u + 12 = -3*a, -a - 1 = -2*u + 3. Let j(i) be the third derivative of -1/3*i**3 - 1/12*i**4 + 0*i + u + i**2. What is j(-3)?
4
Let h(w) = -w**3 + 2*w**2 + w - 2. Let c(a) = -a**2 + a + 2. Let t be c(2). Suppose -l - 4*v + 0*v + 18 = 0, -2*l + 4*v - 12 = t. Determine h(l).
0
Let j(o) = -2*o**3 + 15*o**2 - 5*o - 4. Let d be j(7). Let g(i) = i - 3. Give g(d).
7
Let y(l) = -4*l + 0 + 3*l - 2 + 8. Determine y(5).
1
Suppose -2*k + 4*z = -28, -2*k + k + 5*z + 29 = 0. Let n(s) be the third derivative of -s**4/12 + s**3/2 - 2*s**2. What is n(k)?
-5
Let h(r) be the first derivative of r**4/4 - 7*r**3/3 + 4*r**2 - 8*r - 1. Let p = -21 - -27. Determine h(p).
4
Let o = -22 - -23. Let n(w) = -12*w**3 + 2*w**2 - 2*w + 1. Determine n(o).
-11
Let g(b) = -2*b**2 - 7*b - 14. Let r(f) = -f**2 - 4*f - 7. Let l(h) = -2*g(h) + 5*r(h). Give l(-6).
-7
Let c(p) = -p + 4. Let a(q) = 4*q - 2. Let y(t) = 4*t - 3. Let u(b) = -3*a(b) + 2*y(b). Let s be u(1). What is c(s)?
8
Let r = -9 + 12. Let x(a) = -2*a + 3 + 0 - r - 2. Determine x(2).
-6
Let a(r) = 179 + 0*r**3 - r**3 + 3*r**2 - 181. Calculate a(3).
-2
Suppose 7*h - 3*h - 3*s = -28, -s = -3*h - 16. Let u(k) = 2*k + 3. Determine u(h).
-5
Let t(l) be the third derivative of -l**4/24 + l**2. Suppose -3*s - s - 8 = 0. Let b = s + 0. What is t(b)?
2
Let s(i) = i**2 - i - 3. Let t be -3 + 7 + 0 + -1. What is s(t)?
3
Let w be (12/(-10))/((-2)/10). Suppose -2*a = -w*a. Suppose a = -6*d + d + 25. Let j(v) = -v**2 + 4*v + 2. Give j(d).
-3
Let p(s) be the third derivative of -s**5/60 + s**4/4 - s**3/3 + 4*s**2. Give p(5).
3
Let h(i) be the third derivative of -i**5/60 - i**4/24 + i**3/6 - 8*i**2. What is h(-2)?
-1
Let t(i) = -44*i - 7*i**3 - 39*i + 81*i - i**2 - 1. Let b(x) = -x + 6. Let p be b(7). What is t(p)?
7
Let u(i) = -7*i - 1. Let z(k) = -k**3 - 5*k**2 + 6*k + 2. Let v be z(-6). Suppose v*h + 0 = 12. Let o(y) = -y**2 + 7*y - 5. Let b be o(h). Calculate u(b).
-8
Let u(f) = -3 - 6*f - f**2 + 13 - 4. Give u(-5).
11
Let c = -33 - -58. Suppose 0 = -q + 6*q - c. Let i(h) = -h**2 + 8*h - 6. What is i(q)?
9
Let r(u) = u + 2. Let j be r(-6). Let x be (-21)/j + (-4)/16. Let y(s) = -s**3 + 4*s**2 + 5*s + 4. What is y(x)?
4
Let j(z) = -z**3 + 3*z**2 - 10*z + 4. Let n(a) = -3*a**3 + 10*a**2 - 29*a + 12. Let b(g) = -11*j(g) + 4*n(g). Calculate b(6).
4
Let z(n) = -4*n**3 - 9 - n**3 - 5*n**2 + 4*n**3 + 11*n**2 + 9*n. Give z(7).
5
Suppose 0*x = -4*x + 8. Suppose x + 2 = -2*b + u, -2*u + 1 = 3*b. Let h(k) = 7*k**3 + k + 1. Determine h(b).
-7
Let k(d) = 8*d**2 - 2. Let b be k(2). Let f be ((-24)/b)/((-2)/10). Let j(y) = -y**2 + 3*y - 4. Calculate j(f).
-8
Suppose 8*y + 12 = 3*f + 4*y, -2*f = 4*y + 12. Let o(i) be the first derivative of -1 - 1/2*i**2 - 8*i. What is o(f)?
-8
Let l(x) be the third derivative of x**6/360 - x**5/20 + x**4/8 + x**3/3 - x**2. Let o(i) be the first derivative of l(i). Suppose -4 - 2 = -3*w. Give o(w).
-5
Suppose -o = -5 + 1. Let q(d) be the second derivative of -d**4/12 + d**3/3 + 2*d**2 - 52*d. Give q(o).
-4
Suppose -4*y = -2*y - 4. Let a(c) = -1 - 7*c**2 + 9*c**2 + 4*c - 5*c**2 - 2. Determine a(y).
-7
Let z(q) be the third derivative of q**4/24 - q**3/2 + 38*q**2. Calculate z(5).
2
Let s = -7 + 9. Let x(r) be the first derivative of r**4/4 - r**3 + r**2 + 5. Calculate x(s).
0
Let d(w) = -3*w + 10. Let a = -107 + 111. Calculate d(a).
-2
Let s(m) = 2*m - 1. Let d(c) = -2*c - 5. Let r be d(-5). What is s(r)?
9
Let k(y) = -y + 5. Let j be k(5). Suppose 12 = 3*i - j*i. Let t = i - 5. Let q(b) = -2*b. What is q(t)?
2
Let i(p) = -7*p + 8*p + 4 - p**3 - 5*p**2 + 3. Let k be i(-5). Let q(u) = 2*u**2 - 4*u + 3. Calculate q(k).
3
Let u(t) be the first derivative of -t**4/4 - t**3/3 + 2*t**2 + 2*t + 2. Let y(h) = -h + 4. Let j(p) = 2*p + 1. Let b be j(3). Let q be y(b). Give u(q).
8
Let s(m) = 4*m - 2. Suppose -3*b - 5*l = 2*b, -2*b + l = -15. Give s(b).
18
Let g(s) be the first derivative of s**4/4 + 4*s**3/3 - 2*s**2 + 4*s + 39. What is g(-5)?
-1
Let a be (-2)/3 + 82/(-3). Let c be 4/(-14) + (-148)/a. Let o(p) = 0*p + 3*p + c*p**2 - 2*p. Give o(-1).
4
Let h(y) = -4*y**2 - 4*y + 1. Let q(j) = -5*j**2 - 4*j + 2. Suppose 0*n + 3*n = 15. Let z(u) = n*q(u) - 6*h(u). Determine z(3).
7
Let c be 6/(-9) - 14/(-3). Let k(w) = -w**2 + 10*w - 6. Let t be k(9). Let p(f) = 4 - 4 - t*f + c. Calculate p(3).
-5
Let f(m) = -m**2 + 3*m - 1. Suppose 3*r + 5 = 3*l + 4*r, 0 = 5*l + 2*r - 7. Suppose -4*t = -3*t - 3*b - 3, -l*t + 9 = b. Let d = t + -1. Give f(d).
1
Let h(a) = a**2 - 2*a + 1. Let d(o) = o - 1. Let j(c) = 4*d(c) - h(c). Calculate j(4).
3
Let y(z) = -4*z**2. Let d be y(-1). Let g be (1 - 0) + 1 + 1. Let t(q) = -7 - g*q + 2 + 2*q. Calculate t(d).
-1
Suppose 22 + 8 = 5*u. Suppose -v = 2*x + u, 0*x + 4*x = -4*v - 4. Let j(c) = c**2 + 2*c - 7. Determine j(x).
8
Let r(j) be the second derivative of j**4/12 - 3*j**2 - 2*j. Suppose -5*l + 11 = -49. Suppose -5*q + 9 = -q + 3*m, q + l = 4*m. Determine r(q).
-6
Let m(b) be the third derivative of -b**4/8 + b**3/6 + b**2. Let i = 12 - 5. Let a = 10 - i. Determine m(a).
-8
Let q(m) = 5*m - 2. Let s(p) = -9*p + 3. Let y(o) = -11*q(o) - 6*s(o). Determine y(-4).
8
Let t(q) = 2 - 5*q**2 + 0*q + q + 0*q - q**3 + 0*q**3. Suppose -2*p + p = 2. Let u be (4 + p - 1) + -6. Determine t(u).
-3
Let v be -1 - (6 + -5) - -5. Let a(m) be the second derivative of 0 + 3*m + 1/6*m**v - 5/2*m**2. Give a(4).
-1
Let n(s) = s + 2. Let i(u) = 4*u**2 + u - 1. Let m be i(-2). Let j = m + -8. What is n(j)?
7
Suppose 0 = -n + 4*m - 0 + 4, -n - 14 = 5*m. Let x(t) = -2*t - 4. Give x(n).
4
Let r = -12 + 18. Let q(s) = s**2 - 5*s - 4. What is q(r)?
2
Let h(n) = 20*n**2 + 38*n + 26. Let p(y) = -7*y**2 - 13*y - 9. Let o(a) = -6*h(a) - 17*p(a). Suppose -6 + 60 = -18*v. Determine o(v).
9
Let x(o) = o**2 + 13*o - 1. Let y be x(-7). Let q be 2/(-6) - y/3. Suppose 0 = h + 5*p + q + 8, 2*p + 2 = 3*h. Let c(j) = -j + 2. What is c(h)?
4
Let v be 4/(1/1 - 2). Let h(c) = c**2 + 2*c - 3. Let z be h(v). Let i(w) = -3*w**2 + 3 - 3*w + 4*w**2 - 3*w + 0. Determine i(z).
-2
Let s(z) = z**3 - 6*z**2 + 7*z - 5. Let l be (-2 - 6) + (-10)/15*-3. Suppose 0*m - m = -n + 9, 37 = 3*n + 2*m. Let i = n + l. Calculate s(i).
5
Let c(f) be the second derivative of 1/20*f**5 + 0 + 0*f**3 + 3/2*f**2 - f + 0*f**4. Let w(g) = g**3 + 5*g**2. Let q be w(-5). Give c(q).
3
Suppose f - 14 = -4*o, -3*o = 4*f - 7*f - 3. Let t(q) = 5*q**3 + 4 - 4*q**3 - q**f + 1 + 1. Determine t(0).
6
Let x(i) = i**3 + 4*i**2 + 3*i + 3. Let j be x(-3). Let m(s) = 4*s - 4*s + 4 - 3*s + s. Calculate m(j).
-2
Let o(m) = -m - 12. Let s(x) = -x - 23. Let v(p) = -5*o(p) + 2*s(p). Let f(j) = -4*j - 15. Let h(l) = -4*f(l) - 5*v(l). Calculate h(6).
-4
Let z be 1/(6/(-2) - (-33)/12). Let n(q) = q**3 + 3*q**2 - 3*q - 3. Determine n(z).
-7
Suppose 5*a = 0, 4*s = 3*s - 5*a. Let z = s - 0. Suppose -2*l + p - 9 = z, -p = 4*l - 2*l + 3. Let y(x) = x**2 + 3*x - 3. Determine y(l).
-3
Let m(l) be the second derivative of 0 - 13/12*l**4 - 3*l + 0*l**2 + 0*l**3. Give m(1).
-13
Suppose 4*z = 16, -5*p - 2*z - 12 = -9*p. Let d(i) = -i + p*i - i - 4*i + 4. Calculate d(0).
4
Suppose 0 = 8*o + 21 + 27.